 55243 a multiple of 129?
False
Does 115 divide 12420?
True
Is 21 a factor of 9240?
True
Does 17 divide 2618?
True
Is 71 a factor of 1420?
True
Is 5952 a multiple of 31?
True
Is 552 a multiple of 23?
True
Does 23 divide 2871?
False
Is 13 a factor of 17609?
False
Is 7 a factor of 1295?
True
Does 28 divide 1567?
False
Does 24 divide 2256?
True
Is 6 a factor of 12714?
True
Is 23 a factor of 3918?
False
Does 60 divide 64500?
True
Does 54 divide 1093?
False
Is 3 a factor of 171?
True
Is 433 a factor of 139426?
True
Is 35 a factor of 2590?
True
Is 3737 a multiple of 101?
True
Does 6 divide 681?
False
Does 11 divide 154418?
True
Is 98205 a multiple of 21?
False
Does 11 divide 2208?
False
Does 36 divide 12996?
True
Is 405 a multiple of 69?
False
Does 122 divide 59536?
True
Is 2 a factor of 209?
False
Does 119 divide 23205?
True
Is 11 a factor of 15828?
False
Is 9 a factor of 188?
False
Is 177 a multiple of 21?
False
Does 10 divide 1690?
True
Is 48430 a multiple of 22?
False
Is 90751 a multiple of 124?
False
Does 18 divide 2379?
False
Does 6 divide 1673?
False
Does 25 divide 2529?
False
Does 35 divide 1709?
False
Is 2014 a multiple of 19?
True
Is 41460 a multiple of 60?
True
Does 33 divide 54?
False
Is 692 a multiple of 7?
False
Is 102 a multiple of 34?
True
Is 4386 a multiple of 33?
False
Is 18 a factor of 306?
True
Is 22 a factor of 201?
False
Does 10 divide 879?
False
Is 5704 a multiple of 46?
True
Does 4 divide 231?
False
Is 14812 a multiple of 40?
False
Does 12 divide 123?
False
Is 5248 a multiple of 4?
True
Does 14 divide 1106?
True
Is 1936 a multiple of 66?
False
Is 32 a factor of 4224?
True
Is 723 a multiple of 42?
False
Does 21 divide 1145?
False
Is 45 a factor of 18930?
False
Does 29 divide 85151?
False
Is 360 a multiple of 10?
True
Is 1962 a multiple of 6?
True
Is 21010 a multiple of 22?
True
Is 47 a factor of 1043?
False
Does 17 divide 561?
True
Does 10 divide 421?
False
Is 62 a factor of 3357?
False
Does 52 divide 66462?
False
Is 10 a factor of 2152?
False
Is 8581 a multiple of 20?
False
Is 101 a factor of 11009?
True
Is 72 a multiple of 72?
True
Is 6 a factor of 888?
True
Is 10 a factor of 8490?
True
Does 50 divide 150?
True
Does 19 divide 11039?
True
Is 31 a factor of 18284?
False
Is 11 a factor of 4785?
True
Does 21 divide 8463?
True
Is 33440 a multiple of 32?
True
Is 8 a factor of 9915?
False
Is 388 a multiple of 2?
True
Is 82 a factor of 1808?
False
Is 456 a multiple of 4?
True
Is 30 a factor of 2250?
True
Is 10 a factor of 22051?
False
Is 54283 a multiple of 65?
False
Is 374 a multiple of 4?
False
Does 124 divide 12909?
False
Does 12 divide 377?
False
Does 6 divide 364?
False
Does 8 divide 1032?
True
Is 10 a factor of 820?
True
Does 14 divide 5656?
True
Is 400 a multiple of 15?
False
Does 9 divide 225?
True
Does 10 divide 2180?
True
Is 2 a factor of 1877?
False
Does 26 divide 21273?
False
Is 4100 a multiple of 41?
True
Does 18 divide 252?
True
Is 177 a factor of 17628?
False
Is 5 a factor of 4650?
True
Is 6317 a multiple of 14?
False
Is 48 a factor of 28699?
False
Does 23 divide 2461?
True
Is 9 a factor of 771?
False
Is 25896 a multiple of 24?
True
Is 28782 a multiple of 54?
True
Is 16 a factor of 1504?
True
Is 45 a factor of 900?
True
Is 41 a multiple of 22?
False
Is 13005 a multiple of 9?
True
Is 30770 a multiple of 17?
True
Does 35 divide 701?
False
Does 30 divide 930?
True
Is 58 a factor of 673?
False
Is 87 a factor of 68977?
False
Is 4128 a multiple of 12?
True
Is 28 a factor of 2268?
True
Is 22184 a multiple of 7?
False
Is 10 a factor of 2420?
True
Is 14857 a multiple of 72?
False
Is 26 a factor of 62088?
True
Does 53 divide 2283?
False
Is 3111 a multiple of 23?
False
Is 16 a factor of 37376?
True
Is 8134 a multiple of 49?
True
Is 3266 a multiple of 46?
True
Is 51 a factor of 4182?
True
Does 101 divide 6498?
False
Is 2655 a multiple of 8?
False
Is 930 a multiple of 62?
True
Does 21 divide 16601?
False
Is 19 a multiple of 5?
False
Is 4 a factor of 29181?
False
Is 54 a factor of 11549?
False
Does 162 divide 7852?
False
Is 4937 a multiple of 42?
False
Is 44 a factor of 41529?
False
Is 26637 a multiple of 29?
False
Does 4 divide 12932?
True
Is 2394 a multiple of 19?
True
Is 61 a factor of 2989?
True
Is 167 a factor of 45740?
False
Does 53 divide 13790?
False
Does 32 divide 40769?
False
Is 32879 a multiple of 49?
True
Does 11 divide 6292?
True
Is 4 a factor of 192?
True
Is 308 a multiple of 7?
True
Does 61 divide 12240?
False
Is 6 a factor of 275?
False
Does 5 divide 1900?
True
Does 72 divide 1080?
True
Is 456 a multiple of 24?
True
Is 70930 a multiple of 67?
False
Does 3 divide 3687?
True
Does 58 divide 1144?
False
Is 38 a factor of 6422?
True
Is 27 a factor of 338?
False
Does 33 divide 495?
True
Does 67 divide 11680?
False
Is 45 a factor of 31185?
True
Is 138 a factor of 20635?
False
Does 48 divide 727?
False
Is 20 a factor of 420?
True
Is 50 a factor of 2250?
True
Is 25407 a multiple of 116?
False
Is 52 a multiple of 4?
True
Is 1100 a multiple of 15?
False
Is 34 a factor of 7038?
True
Is 22 a factor of 5196?
False
Is 43270 a multiple of 26?
False
Is 25 a factor of 205?
False
Does 13 divide 8660?
False
Is 871 a multiple of 13?
True
Is 1395 a multiple of 45?
True
Is 173 a factor of 8477?
True
Is 76 a factor of 95684?
True
Does 3 divide 6974?
False
Does 10 divide 6425?
False
Does 21 divide 90384?
True
Is 33 a factor of 1969?
False
Is 20 a factor of 23900?
True
Is 51 a factor of 6214?
False
Is 1551 a multiple of 10?
False
Does 248 divide 26288?
True
Is 1136 a multiple of 8?
True
Is 11041 a multiple of 61?
True
Is 8550 a multiple of 18?
True
Is 33579 a multiple of 39?
True
Is 46 a factor of 6486?
True
Does 18 divide 233?
False
Is 1323 a multiple of 18?
False
Does 54 divide 486?
True
Is 33 a factor of 1089?
True
Is 1875 a multiple of 75?
True
Does 19 divide 836?
True
Is 8 a factor of 256?
True
Does 111 divide 10821?
False
Is 15 a factor of 136762?
False
Is 144 a multiple of 18?
True
Is 81 a factor of 5116?
False
Does 23 divide 34523?
True
Is 344 a multiple of 29?
False
Does 58 divide 1044?
True
Does 10 divide 58800?
True
Is 8 a factor of 576?
True
Is 65 a factor of 88150?
False
Does 114 divide 5130?
True
Does 5 divide 475?
True
Is 1220 a multiple of 10?
True
Is 241 a multiple of 2?
False
Is 30860 a multiple of 20?
True
Does 17 divide 1887?
True
Is 16 a factor of 3296?
True
Does 3 divide 60?
True
Is 9 a factor of 757?
False
Is 2 a factor of 164?
True
Is 4 a factor of 743?
False
Is 143 a factor of 26064?
False
Is 14 a factor of 1018?
False
Is 1710 a multiple of 30?
True
Does 10 divide 8026?
False
Is 68 a factor of 1217?
False
Is 26 a factor of 2107?
False
Is 358 a multiple of 33?
False
Is 2 a factor of 98?
True
Is 36428 a multiple of 14?
True
Is 30 a factor of 473?
False
Does 8 divide 85?
False
Is 14770 a multiple of 40?
False
Does 3 divide 25129?
False
Does 141 divide 12549?
True
Does 2 divide 1061?
False
Is 664 a multiple of 44?
False
Is 15836 a multiple of 148?
True
Is 20 a factor of 263?
False
Does 28 divide 251?
False
Is 31631 a multiple of 23?
False
Does 102 divide 9026?
False
Is 9 a factor of 23706?
True
Is 280 a multiple of 28?
True
Is 551 a multiple of 19?
True
Is 6329 a multiple of 85?
False
Does 18 divide 1239?
False
Is 7097 a multiple of 25?
False
Does 10 divide 36336?
False
Is 1057 a multiple of 10?
False
Does 15 divide 300?
True
Is 8 a factor of 80832?
True
Does 76 divide 11983?
False
Is 908 a multiple of 37?
False
Is 74 a factor of 740?
True
Is 54 a factor of 7536?
False
Does 8 divide 6048?
True
Does 22 divide 506?
True
Does 35 divide 10325?
True
Does 5 divide 300?
True
Is 14310 a multiple of 6?
True
Is 961 a multiple of 155?
False
Does 24 divide 3002?
False
Does 23 divide 1794?
True
Is 6557 a multiple of 119?
False
Is 59 a factor of 6667?
True
Is 99 a factor of 1683?
True
Does 114 divide 45435?
False
Does 41 divide 5400?
False
Is 24 a factor of 2688?
True
Does 5 divide 1210?
True
Is 1708 a multiple of 14?
True
Is 2553 a multiple of 23?
True
Is 24 a factor of 360?
True
Does 43 divide 10922?
True
Is 12 a factor of 324?
True
Is 3734 a multiple of 30?
False
Does 11 divide 649?
True
Does 5 divide 154?
False
Is 70 a factor of 73282?
False
Is 40077 a multiple of 133?
False
Is 27 a factor of 6156?
True
Is 66 a factor of 1143